 + 3*t - 3. Let z(k) = 7*d(k) + 2*v(k). Give z(3).
-26
Suppose 7*j - 3*j - 2*v = -6, -j + 5*v = -12. Let q = j - -6. Let u(d) = d**q - 3*d - 4*d**2 - d - 6 - d**2. Determine u(6).
6
Suppose 0 = -3*f - 5*w + 16, 0*f - f = -2*w - 20. Let v(q) = f - 3*q + 6*q - 11 - 5*q. Give v(-4).
9
Let o(n) = 7*n**3 + n**2 - n + 1. Suppose 13*c = 18*c - 4*s + 15, 2*c + 3*s = 17. Calculate o(c).
8
Let v(w) be the first derivative of w**3/3 - 5*w**2/2 - 3. Suppose j = o - 18 + 13, 5*j = -4*o + 11. Determine v(o).
-4
Let j be -7*((-12)/21 - 0). Suppose -3*b + 9 = b + 3*n, 5*n = -3*b + j. Let c(p) = 0*p**3 - p**2 - p + 2 + 3*p**b - 2*p**3. What is c(-2)?
-8
Let m(d) = d**3 + 4*d**2 + 4*d + 7. Suppose 17*y - 70*y = 159. What is m(y)?
4
Suppose -36 = 3*o - 5*s, 0*s + 2*s = 4*o + 34. Let n(t) = t + 9. Let v be n(o). Let w(b) = 2*b - v*b - 3 - b. Calculate w(-4).
1
Let j(p) = -4*p**3 + 2*p**2 + p. Let b = -41 - -43. Suppose l = 6*g - g + 5, 3*g + b*l = -3. Determine j(g).
5
Let c(j) = -j**3 + j - 2. Suppose 4*t = 8, 5*z - 110 = -t - 4*t. Let o be (-10)/z*(1 - 1). Let x be c(o). Let r(q) = q**2 + q - 2. Calculate r(x).
0
Let q(v) = -2*v**2 - v - 2. Let y = 3 - -3. Suppose 2*t + 0*t - y = 0. Suppose -10 = t*d - 8*d. Determine q(d).
-12
Let y(k) be the third derivative of k**6/360 + k**5/30 + 35*k**4/24 - k**2. Let f(w) be the second derivative of y(w). Give f(-3).
-2
Let n = -427 + 423. Let i(h) = -2*h**3 - 8*h**2 - 2*h - 3. Give i(n).
5
Let i = 1160 + -1154. Let g(v) = 3 - 3*v + v + 7*v - 4*v - 6*v**2 + v**3. Determine g(i).
9
Let y(k) = 3675*k - 3674*k + 0 + 3*k**2 + 5*k**3 - 4*k**3 + 2*k**2 - 1. Calculate y(-4).
11
Let y(c) = -c**3 - 7*c**2 - 6*c - 5. Let s be y(-6). Let z(d) = -d**2 - 5*d + 6. Calculate z(s).
6
Let d(l) be the second derivative of -l**6/120 + 13*l**4/4 + 40*l. Let y(j) be the third derivative of d(j). Let i(z) = -z + 5. Let c be i(6). Give y(c).
6
Suppose -r + 55 = 4*r. Let q(w) = w**2 - 11*w. Let t be q(r). Let h be -9 + ((-2)/(-1) - t). Let o(m) = -m - 7. What is o(h)?
0
Let x(i) = -i**2 + 2*i + 1. Let t = -2 - -5. Suppose t*l = l. Let s be -1 - (l/1 + -4). Give x(s).
-2
Let v(h) be the third derivative of h**9/60480 - h**8/6720 + h**6/180 - h**5/15 - 10*h**2. Let w(z) be the third derivative of v(z). What is w(3)?
4
Let p(g) = g - 26. Let o be p(18). Let i(n) be the first derivative of 3*n**2/2 + 10*n - 2. Give i(o).
-14
Let z(h) = -h**2 + 35*h - 240. Let y be z(26). Let r(x) = -x + 5 - 1 - 1. Give r(y).
9
Let o(y) = -2*y**3 + 3*y**2 + y + 3. Suppose 0 = -3*r + 18 - 9. Determine o(r).
-21
Let q(g) = -g**3 + 5*g**2 - 4*g + 5. Suppose -65*w + 68 = -192. Calculate q(w).
5
Let r(u) = -10*u + 5. Let y(p) = -28*p + 15. Let a(t) = 17*r(t) - 6*y(t). What is a(-5)?
5
Let i be 6 - ((-1)/4)/(5/(-40)). Let x(k) be the third derivative of -1/120*k**6 - 6*k**2 - 1/10*k**5 + 1/3*k**3 + 0*k + 0 + 1/3*k**i. Give x(-7).
-5
Let a(u) be the first derivative of -u**4/24 - 2*u**3/3 + 3*u**2/2 + 9. Let r(x) be the second derivative of a(x). Let v be -2*2*2/(-2). Give r(v).
-8
Suppose 3*h - 5 = -q + h, -3*h + 25 = 5*q. Let a(k) = q*k - 4*k**3 - 4*k + 0*k - 1. Let w = -27 + 28. What is a(w)?
-4
Let u(s) = -s - 6. Let a(v) = -2*v**2 - 9*v + 13. Let d be a(-6). What is u(d)?
-1
Let x be ((-75)/(-27) - 3)/(32/(-12)). Let m(t) be the second derivative of 8*t + 3/2*t**2 - 1/2*t**3 + 0 + x*t**4. What is m(3)?
3
Suppose 3*j - 2*q = 14, -151*j + 150*j = 4*q. Let w(c) = -5*c + 5. Give w(j).
-15
Suppose 0 = -2*z - 8, -5*h + 5*z = -59 - 56. Let u(g) = -12 + h + g - 6. Determine u(-1).
0
Let b(v) = v**2 + 7*v - 7. Let n be 4 - 8 - -20 - 0. Let i = 10 - n. What is b(i)?
-13
Let m(b) = -3*b + 1. Suppose 0 = -3*f + 2 + 4. Suppose 0 = -5*n + 2*c + 16, 3*n - f*n + 2*c = 8. Suppose -6 = n*k - 2. What is m(k)?
4
Let i(j) = -6 + j**2 + j + 0*j**2 + 2*j**2 + 34*j**3 - 35*j**3. What is i(3)?
-3
Let i(q) = 3*q + 1. Suppose -4 = -6*x + 2*x, -3*y - 3*x - 12 = 0. Let j = 5 - 1. Let u(p) = 3*p + 2. Let m(a) = j*u(a) + y*i(a). Determine m(4).
-9
Let z be 1*(-27)/(-3)*1. Suppose -4*l - 5 = -z*l + 5*w, 8 = -2*l - 3*w. Let m be ((-1)/(-2))/l*0. Let d(t) = t**3 + t**2 - t - 14. Calculate d(m).
-14
Let g(i) = i**3 - 2*i**2 - 2*i + 3. Let q be ((-20)/15)/(4/(-6) - 0). Give g(q).
-1
Let l(r) be the second derivative of 1/6*r**3 + 7*r + 3/2*r**2 + 0. Calculate l(-3).
0
Let v = 473 - 472. Let r(m) = 26*m**2 - m + 1. What is r(v)?
26
Let q(p) be the first derivative of p**3/3 - 2*p + 15. Calculate q(-4).
14
Let y(s) = -17*s - 55. Let c be y(-3). Let o(r) = 8*r**2 - r - 5. Let k(z) = 3*z**2 - 2. Let u(h) = -11*k(h) + 4*o(h). What is u(c)?
2
Suppose -5*v + 4*x = -9, 2*v - x - 12 = -6. Let j(t) = -t**3 + 4*t**2 + 4*t + 6. Determine j(v).
1
Let j(o) = -11*o**2 + 14*o**2 - o**2 + o**3 - 2*o + 1. Let x = 10 - 9. Give j(x).
2
Let n(b) = b - 1. Let h(z) = z - 2. Let l(w) = -w + 3. Let p(u) = -3*h(u) - 2*l(u). Suppose 2*o = -4 - 2. Let d(m) = o*p(m) - 2*n(m). Calculate d(-6).
-4
Let t(p) be the second derivative of -p**3/6 + 7*p**2/2 + p. Suppose -22*a - 49 = -25*a + 5*g, -102 = -26*a + 3*g. What is t(a)?
4
Let b(u) = -4 + 1 + u - 2. Let q = 273 + -268. Determine b(q).
0
Let x(j) = 2*j**2 - j - 2. Let z(b) = -4*b**2 - 2*b + 1. Let k(o) = 3*x(o) + z(o). Calculate k(5).
20
Let g = 2 - 0. Let u(o) = -g*o**2 - 1 - o**3 + 0*o**2 + 5*o - 4*o**2 + 4*o**2. Determine u(-4).
11
Suppose 4*i = 7*i + 12. Let x(q) = -2*q. Calculate x(i).
8
Let m be 446/4*((3 - 1) + 0). Let o(b) = -m + 223 + 8*b. Suppose 0 = 3*h - 1 + 4. Calculate o(h).
-8
Let u(i) = -i**2 + 8*i - 10. Let o be u(4). Let g(m) = -m**2 + 7*m + 6. Give g(o).
12
Suppose 0 = k - 3*x + 13, 3*x - 7 = -k + 2*x. Suppose -d = -5*m + 22, 3*m = -k*d + 3 + 18. Let n(c) = c**3 - 2*c**2 - 5*c + 2. What is n(d)?
-4
Let a(j) = -j**2 - 2*j - 1. Suppose 0 = -q + 4*w, 5*w + 4 = -3*q + 21. Suppose 5*m + 4*y = -17, 0*m + y = -m - q. Determine a(m).
0
Suppose -14 = 11*i - 9*i. Let n = -16 - -15. Let y(p) = 1. Let f(v) = -v - 11. Let o(h) = n*f(h) - 5*y(h). What is o(i)?
-1
Let n = 2185 - 2182. Let h(y) = -6 + 3*y + 1 + 3. Give h(n).
7
Suppose d + 28 = -3*d. Suppose 4*o - 166 - 42 = 0. Let k(f) = f - f**3 - 8*f - o*f**2 - f + 44*f**2 - 6. Calculate k(d).
1
Let x(c) be the third derivative of -c**4/3 + c**3/6 - 4*c**2 - 4. Calculate x(2).
-15
Let b(c) = c**3 + 4*c**2 + c - 1. Suppose 7 = -x + 4*s - 1, 2*s = 3*x - 6. Let r be (-4)/x - (-8)/2. Let k = r + -7. Determine b(k).
-5
Suppose 1 + 7 = 4*y. Let d(a) = 0*a**2 - 6*a - y + 4 + a**2 + 1. What is d(6)?
3
Let v(r) be the first derivative of -r**4/4 + 5*r**3/3 - 5*r**2/2 - r + 533. What is v(6)?
-67
Let g(n) = 3 + 0*n - n + 0. Let m(z) = 31*z - 1182. Let r be m(38). What is g(r)?
7
Let i(t) = t**2 - t + 2. Let r be i(1). Let g(o) = 5*o - 2 + 8*o**2 + 2*o - 7*o**r. Calculate g(-8).
6
Let t(q) = -q**3 + 4*q**2 - 3*q - 14. Let o(s) = s**2 - 4. Let h(z) = 4*o(z) - t(z). Calculate h(1).
2
Suppose -19 = -10*q + 51. Let a(w) = -w**2 + 8*w. Calculate a(q).
7
Let y(t) = t - 11. Suppose 3*a + l - 24 = 0, 3*a - 3*l = 18 + 6. Calculate y(a).
-3
Let q be (1/3)/(7/(6 - -15)). Suppose -2*j - 6 - 2 = 0, 0 = b - j - 9. Let d be (b - 6) + (-1)/q. Let p(h) = -2*h**3 - 2*h**2 + 3*h + 2. Give p(d).
4
Suppose 4*t + d = -21, 2*t - 6*d + d = -27. Let k(x) be the third derivative of -x**4/8 - x**3 - 95*x**2. Give k(t).
12
Suppose -23 = -4*n + 5. Let b(f) = n - f - f + 0*f. Calculate b(6).
-5
Let c(v) = -4 - 10*v - 27*v + v**2 + 12*v + 17*v. Determine c(10).
16
Let m be 5/(-6) + 390/36. Let c(x) = x**3 - 9*x**2 - 9*x + 11. What is c(m)?
21
Let u(r) = r**2 + 6*r + 6. Let p = -17 - -11. Give u(p).
6
Let x(v) = -347*v - 9. Let d be x(-3). Let l(g) = 2 + 1033*g - d*g - 4. Determine l(-6).
-8
Let p(k) = k + 6*k**3 - k**2 - 3 - 11*k**3 + 4*k**3. Suppose a = a + 4*a. Give p(a).
-3
Let q(u) = u**2 - 4*u - 1. Suppose -19*v - 6 = -16*v. Let a be 4/(((-16)/12)/v). Give q(a).
11
Let u(h) = 2*h + 47. Let r(m) = -2*m - 38. Let p(f) = 4*r(f) + 3*u(f). Determine p(0).
-11
Let w(t) be the first derivative of -3*t**2/2 - 39. Give w(3).
-9
Let o(s) = -34*s**2 + 11*s + 4. Let n(a) = 29*a**2 - 11*a - 3. Let l(y) = 7*n(y) + 6*o(y). Calculate l(-11).
3
Let d(v) = -12*v. Suppose -3*n + 4 = -2*n. Let r be 1 + (4 - n)/(-2). Determine d(r).
-12
Let r(k) = -260019 + k**2 + 260019 + 3*k. Su